lse
Is 15 a factor of 574?
False
Is 972 a multiple of 59?
False
Is 39 a factor of 819?
True
Is 65 a multiple of 2?
False
Does 15 divide 1262?
False
Does 105 divide 3675?
True
Is 3584 a multiple of 32?
True
Is 147 a multiple of 7?
True
Does 317 divide 11615?
False
Is 3 a factor of 1545?
True
Is 19109 a multiple of 16?
False
Does 15 divide 502?
False
Does 42 divide 5576?
False
Does 46 divide 7350?
False
Is 2 a factor of 77?
False
Does 12 divide 97168?
False
Is 37898 a multiple of 25?
False
Is 9630 a multiple of 30?
True
Is 53 a factor of 18551?
False
Is 61 a factor of 7938?
False
Is 79 a factor of 30889?
True
Is 11629 a multiple of 12?
False
Is 8064 a multiple of 56?
True
Does 5 divide 6750?
True
Is 25 a factor of 18400?
True
Does 87 divide 2036?
False
Does 29 divide 1699?
False
Is 1710 a multiple of 19?
True
Is 270 a multiple of 18?
True
Does 23 divide 48301?
False
Is 74 a factor of 23088?
True
Is 6 a factor of 388?
False
Does 270 divide 7052?
False
Is 2390 a multiple of 12?
False
Is 3 a factor of 89?
False
Is 109 a factor of 103114?
True
Is 21 a factor of 3279?
False
Does 22 divide 264?
True
Is 214 a factor of 3852?
True
Is 36541 a multiple of 114?
False
Does 38 divide 11476?
True
Does 17 divide 7630?
False
Is 131 a multiple of 55?
False
Is 13 a factor of 4524?
True
Does 29 divide 609?
True
Is 17 a factor of 1078?
False
Is 418 a multiple of 5?
False
Does 31 divide 3627?
True
Is 960 a multiple of 10?
True
Does 6 divide 3860?
False
Does 72 divide 5013?
False
Is 13446 a multiple of 81?
True
Does 27 divide 27478?
False
Is 312 a multiple of 4?
True
Does 54 divide 1794?
False
Is 17 a factor of 221?
True
Does 19 divide 285?
True
Is 11 a factor of 4777?
False
Does 335 divide 3685?
True
Is 3763 a multiple of 12?
False
Is 34 a factor of 1020?
True
Does 34 divide 34340?
True
Is 18 a factor of 10926?
True
Is 77 a factor of 1463?
True
Is 4086 a multiple of 8?
False
Does 5 divide 3292?
False
Is 25575 a multiple of 93?
True
Does 35 divide 2520?
True
Is 2040 a multiple of 15?
True
Is 28 a factor of 1456?
True
Does 42 divide 1680?
True
Is 129 a factor of 8901?
True
Does 36 divide 756?
True
Does 17 divide 15674?
True
Is 10 a factor of 10726?
False
Is 35 a factor of 1505?
True
Is 94 a factor of 4324?
True
Is 5436 a multiple of 18?
True
Is 13 a factor of 329?
False
Does 19 divide 4788?
True
Is 3655 a multiple of 27?
False
Does 34 divide 294?
False
Is 1349 a multiple of 71?
True
Is 2083 a multiple of 75?
False
Is 667 a multiple of 38?
False
Is 66 a factor of 54958?
False
Does 12 divide 1236?
True
Is 1384 a multiple of 17?
False
Is 26 a factor of 1482?
True
Does 49 divide 22618?
False
Does 109 divide 109?
True
Is 11505 a multiple of 92?
False
Does 75 divide 843?
False
Does 19 divide 29591?
False
Does 9 divide 774?
True
Does 27 divide 14612?
False
Is 51 a factor of 1609?
False
Does 29 divide 1683?
False
Is 4015 a multiple of 5?
True
Does 10 divide 32926?
False
Does 23 divide 321?
False
Is 55 a factor of 12045?
True
Is 1591 a multiple of 24?
False
Is 102 a multiple of 15?
False
Does 24 divide 4209?
False
Is 17 a factor of 1462?
True
Is 31 a factor of 1353?
False
Does 9 divide 14265?
True
Is 92 a factor of 5888?
True
Is 1705 a multiple of 16?
False
Is 286 a multiple of 10?
False
Does 4 divide 17264?
True
Is 82 a factor of 1916?
False
Does 84 divide 2285?
False
Is 21 a factor of 377?
False
Is 42 a factor of 242?
False
Does 2 divide 400?
True
Does 6 divide 360?
True
Is 71 a factor of 71?
True
Does 9 divide 222?
False
Is 690 a multiple of 30?
True
Is 16152 a multiple of 12?
True
Is 44 a multiple of 10?
False
Is 17 a factor of 214?
False
Is 4843 a multiple of 46?
False
Is 1281 a multiple of 183?
True
Does 11 divide 89233?
False
Is 41 a factor of 20403?
False
Is 2376 a multiple of 9?
True
Does 4 divide 3428?
True
Is 1303 a multiple of 12?
False
Is 4939 a multiple of 17?
False
Is 1478 a multiple of 24?
False
Is 33495 a multiple of 231?
True
Does 85 divide 124389?
False
Does 14 divide 84?
True
Is 81 a multiple of 3?
True
Does 22 divide 1425?
False
Does 52 divide 816?
False
Is 150 a multiple of 15?
True
Is 91 a factor of 2275?
True
Does 10 divide 10424?
False
Is 16682 a multiple of 52?
False
Is 14558 a multiple of 16?
False
Is 17 a factor of 527?
True
Does 27 divide 3672?
True
Is 7445 a multiple of 3?
False
Is 2 a factor of 110?
True
Is 32 a factor of 397?
False
Does 116 divide 465?
False
Is 2354 a multiple of 22?
True
Is 56 a multiple of 2?
True
Does 12 divide 59707?
False
Is 52 a factor of 17420?
True
Is 20 a factor of 43617?
False
Is 13 a factor of 30559?
False
Is 2 a factor of 494?
True
Is 6 a factor of 827?
False
Does 62 divide 2666?
True
Does 9 divide 819?
True
Is 10 a factor of 1676?
False
Is 1807 a multiple of 13?
True
Is 464 a multiple of 5?
False
Is 12537 a multiple of 57?
False
Is 23 a factor of 12747?
False
Does 26 divide 2163?
False
Is 8 a factor of 32?
True
Does 22 divide 98699?
False
Is 6 a factor of 494?
False
Does 12 divide 563?
False
Does 114 divide 88464?
True
Does 9 divide 1575?
True
Is 644 a multiple of 108?
False
Is 3538 a multiple of 58?
True
Is 231 a multiple of 21?
True
Does 88 divide 1064?
False
Does 36 divide 20124?
True
Is 2751 a multiple of 30?
False
Does 13 divide 66110?
False
Is 4466 a multiple of 29?
True
Is 3136 a multiple of 56?
True
Is 1161 a multiple of 40?
False
Does 4 divide 764?
True
Is 1919 a multiple of 31?
False
Does 181 divide 136256?
False
Does 79 divide 13667?
True
Is 28365 a multiple of 61?
True
Is 13 a factor of 4658?
False
Does 7 divide 231?
True
Is 13 a factor of 24224?
False
Is 4 a factor of 1052?
True
Is 10 a factor of 540?
True
Does 7 divide 32068?
False
Is 57 a factor of 3933?
True
Is 25 a factor of 779?
False
Is 29 a multiple of 6?
False
Does 41 divide 9102?
True
Does 101 divide 75346?
True
Does 49 divide 16354?
False
Does 21 divide 899?
False
Does 7 divide 1148?
True
Is 22197 a multiple of 147?
True
Is 18 a factor of 56574?
True
Is 3 a factor of 762?
True
Is 11 a factor of 1518?
True
Is 51 a factor of 100176?
False
Is 7310 a multiple of 35?
False
Is 195 a factor of 13845?
True
Does 32 divide 8128?
True
Is 13 a factor of 569?
False
Does 27 divide 63170?
False
Is 5 a factor of 76?
False
Is 25 a factor of 29331?
False
Is 14 a factor of 1652?
True
Does 50 divide 7050?
True
Does 71 divide 14183?
False
Does 9 divide 1428?
False
Is 58 a factor of 1044?
True
Does 22 divide 10912?
True
Is 14 a factor of 36?
False
Is 14 a factor of 7140?
True
Does 53 divide 4876?
True
Is 45 a factor of 79650?
True
Is 54 a factor of 2754?
True
Is 23 a factor of 11234?
False
Does 100 divide 3100?
True
Does 3 divide 35326?
False
Is 11 a factor of 36388?
True
Does 35 divide 1960?
True
Does 11 divide 1532?
False
Does 7 divide 13098?
False
Is 7 a factor of 3133?
False
Is 18 a factor of 378?
True
Is 9 a factor of 18?
True
Is 275 a multiple of 4?
False
Is 13817 a multiple of 41?
True
Does 6 divide 2965?
False
Does 19 divide 11989?
True
Does 10 divide 35220?
True
Does 108 divide 1944?
True
Is 255 a multiple of 6?
False
Does 7 divide 107?
False
Is 9 a factor of 63?
True
Does 28 divide 50531?
False
Is 77 a factor of 17787?
True
Does 53 divide 53?
True
Does 5 divide 157?
False
Is 5187 a multiple of 19?
True
Is 8568 a multiple of 22?
False
Is 248 a factor of 79112?
True
Does 19 divide 380?
True
Is 1605 a multiple of 31?
False
Is 16910 a multiple of 11?
False
Does 38 divide 1216?
True
Is 8 a factor of 2011?
False
Is 6552 a multiple of 4?
True
Is 2 a factor of 367?
False
Is 459 a multiple of 27?
True
Is 6500 a multiple of 100?
True
Is 27 a factor of 78962?
False
Does 23 divide 4081?
False
Is 31 a factor of 2995?
False
Is 5 a factor of 21355?
True
Does 21 divide 4389?
True
Does 3 divide 120?
True
Is 557 a multiple of 27?
False
Is 4 a factor of 872?
True
Is 51 a factor of 855?
False
Is 7 a factor of 84?
True
Does 15 divide 416?
False
Is 19 a factor of 72?
False
Does 47 divide 8742?
True
Is 47846 a multiple of 36?
False
Is 11250 a multiple of 30?
True
Is 15 a factor of 105?
True
Is 1599 a multiple of 95?
False
Is 220 a multiple of 9?
False
Is 14 a factor of 494?
False
Is 45 a factor of 1588?
False
Is 30 a factor of 4830?
True
Does 49 divide 370?
False
Does 239 divide 13145?
True
Is 13 a factor of 773?
False
Is 15 a factor of 33526?
False
Is 11 a factor of 704?
